{"id":53,"date":"2014-05-24T02:26:13","date_gmt":"2014-05-24T00:26:13","guid":{"rendered":"http:\/\/www.capitalmarketgames.pl\/2016\/?page_id=53"},"modified":"2017-07-25T11:01:13","modified_gmt":"2017-07-25T09:01:13","slug":"galeria","status":"publish","type":"page","link":"https:\/\/www.capitalmarketgames.pl\/2016\/galeria\/","title":{"rendered":"Galeria"},"content":{"rendered":"<p style=\"text-align: left\">W celu przybli\u017cenia atmosfery towarzysz\u0105cej <strong>Capital Market Games<\/strong>, poni\u017cej prezentujemy galeri\u0119 I,\u00a0II, III i IV edycji zmaga\u0144 inwestor\u00f3w oraz przedstawicieli rynku kapita\u0142owego na zakopia\u0144skich obiektach.<\/p>\n<p style=\"text-align: left\">Fot. K. Dubiel, P. Karasi\u0144ski<\/p>\n","protected":false},"excerpt":{"rendered":"<p>W celu przybli\u017cenia atmosfery towarzysz\u0105cej Capital Market Games, poni\u017cej prezentujemy galeri\u0119 I,\u00a0II, III i IV edycji zmaga\u0144 inwestor\u00f3w oraz przedstawicieli rynku kapita\u0142owego na zakopia\u0144skich obiektach. Fot. K. Dubiel, P. Karasi\u0144ski<\/p>\n","protected":false},"author":4,"featured_media":0,"parent":0,"menu_order":0,"comment_status":"closed","ping_status":"closed","template":"gallery.php","meta":{"footnotes":""},"class_list":["post-53","page","type-page","status-publish","hentry"],"_links":{"self":[{"href":"https:\/\/www.capitalmarketgames.pl\/2016\/wp-json\/wp\/v2\/pages\/53","targetHints":{"allow":["GET"]}}],"collection":[{"href":"https:\/\/www.capitalmarketgames.pl\/2016\/wp-json\/wp\/v2\/pages"}],"about":[{"href":"https:\/\/www.capitalmarketgames.pl\/2016\/wp-json\/wp\/v2\/types\/page"}],"author":[{"embeddable":true,"href":"https:\/\/www.capitalmarketgames.pl\/2016\/wp-json\/wp\/v2\/users\/4"}],"replies":[{"embeddable":true,"href":"https:\/\/www.capitalmarketgames.pl\/2016\/wp-json\/wp\/v2\/comments?post=53"}],"version-history":[{"count":13,"href":"https:\/\/www.capitalmarketgames.pl\/2016\/wp-json\/wp\/v2\/pages\/53\/revisions"}],"predecessor-version":[{"id":2207,"href":"https:\/\/www.capitalmarketgames.pl\/2016\/wp-json\/wp\/v2\/pages\/53\/revisions\/2207"}],"wp:attachment":[{"href":"https:\/\/www.capitalmarketgames.pl\/2016\/wp-json\/wp\/v2\/media?parent=53"}],"curies":[{"name":"wp","href":"https:\/\/api.w.org\/{rel}","templated":true}]}}